he prime factors of s?
13, 109
Suppose -x - 3*x = -10*j + 43474, -16 = -4*x. List the prime factors of j.
4349
Suppose 5*a = -4*c - 0*c - 568, 449 = -4*a - 5*c. Let w = a - -79. Let g = w + 46. What are the prime factors of g?
3
List the prime factors of (916260/210 - (2 + 13/(-7))) + 5.
2, 3, 7, 13
What are the prime factors of (-228)/(-1026) + 28778/18?
3, 13, 41
What are the prime factors of (-906866)/(-519)*114/4?
19, 2621
Let g(p) be the first derivative of p**4/4 - 11*p**3/3 + 7*p**2 - 13*p + 48. List the prime factors of g(12).
13, 23
Suppose -80*k + 81*k = 8, -v + 27458 = -4*k. List the prime factors of v.
2, 5, 2749
Let w(m) = -13*m**3 - 2*m**2 + 6*m - 3. Let a be w(1). Let c = a - -13. What are the prime factors of 3383/68 - c/(-4)?
2, 5
Suppose 2916000 = 483*p - 183*p. What are the prime factors of p?
2, 3, 5
Suppose -57*a + 389639 + 40654 = 0. What are the prime factors of a?
7549
Let d(z) = 46 + 15*z + 14*z - 25*z. Suppose 4*f + 12 = 5*a, 0 + 9 = 2*a - 3*f. What are the prime factors of d(a)?
2, 23
Let k = -16339 - -42220. What are the prime factors of k?
3, 8627
Let q(h) = 3976*h**2 - 2*h**3 - 2*h**3 + 1009 - 3975*h**2 + 3*h**3 - 2*h. What are the prime factors of q(0)?
1009
Suppose 2*f + 199 = 685. Suppose 2*t - f = 627. What are the prime factors of t/25*(5 - 0)?
3, 29
Let o(x) = -5494*x**3 - 28*x - 51. What are the prime factors of o(-2)?
113, 389
Let f be (3/1)/((-3)/(-4)). Suppose 4*c + 5*r = -330, 2*c = -f*r + 96 - 264. Let n = c + 216. What are the prime factors of n?
2, 17
Let z(y) = 2 - 11*y + 1 - 6*y. Suppose -2*v - 92 = -78. List the prime factors of z(v).
2, 61
Let n be (2 + -1)/(-1) + 102. Let s(t) = -3*t**2 - 45*t - 206. Let z be s(-5). Let j = n + z. What are the prime factors of j?
3, 5
List the prime factors of 9 + 27/((-135)/(-15320)).
7, 439
Suppose 0 = -4*v + 33 - 29. Let o be -1 - v*2*(-3)/2. Suppose 0*s = -3*s + 2*p + 130, -o*s - p = -96. What are the prime factors of s?
2, 23
Let o(l) = l**3 - 62*l**2 - 321*l + 75. List the prime factors of o(68).
3, 1997
Suppose -7876 = -14*k + 3*k. Suppose -t + 696 = -5*w, 34*t - k = 33*t - 5*w. List the prime factors of t.
2, 353
Let t be (-1267)/(-56) - (-21)/56. Suppose -b + 1138 = -t*o + 28*o, -1114 = -b + o. What are the prime factors of b?
2, 13, 43
Suppose -50*k - 30 = -55*k. Suppose 4*r - k*r = -500. What are the prime factors of r?
2, 5
Suppose 2850*n - 2866*n + 269264 = 0. List the prime factors of n.
16829
Suppose -5*h + 48273 = 2*u, 9*h - 76603 = 5*u + 10297. What are the prime factors of h?
5, 1931
Let j(g) = g**3 - 7*g**2 - 9*g + 6. Let o be j(8). List the prime factors of o/(4*4/(-2512)).
2, 157
Let o(b) = b**3 - 18*b**2 - 17*b - 21. Let n be o(19). Suppose -5*z + 7 - n = 0. List the prime factors of (-3 - -10)/(z*2/(-36)).
3, 7
Let l(k) = -7*k**3 - 44*k**2 + 3*k + 297. What are the prime factors of l(-15)?
3, 1553
Let f(p) = 9*p**2 + 16*p - 267. What are the prime factors of f(-38)?
17, 23, 31
Suppose 5*v - 2*v - 708 = 0. Let j = v - -854. Suppose 15*f = 5*f + j. What are the prime factors of f?
109
Let z(t) = -t**2 - t + 2. Let d be z(0). Suppose a - 10 = 3*a, 3*a + 5 = -d*g. Suppose -1 + 66 = g*w. What are the prime factors of w?
13
Let c = -28133 - -54998. List the prime factors of c.
3, 5, 199
Suppose -3*f = 2*d - 187497, 3*f + 6*d - 11*d - 187518 = 0. What are the prime factors of f?
62501
Let g = -98 - 325. Let n be 2/(g/213 - -2). Let u = -76 + n. List the prime factors of u.
2, 3, 11
Suppose 7*t - s - 2784 = 3*t, -5*t = -3*s - 3487. Let x = 1699 - t. List the prime factors of x.
2, 251
Let m(l) = 17*l**3 - 83*l**2 + 504*l + 1. List the prime factors of m(6).
3709
Let m = -537 - -542. Suppose p = l + 3*p - 410, 4*l + m*p = 1649. List the prime factors of l.
2, 13
Let b(z) = 24*z - 65. Let x be b(3). Suppose 5*i - 1625 + 255 = 0. List the prime factors of 1/((x/(-14))/(i/(-4))).
137
Let p(n) = 849*n**2 - 2*n - 2. List the prime factors of p(2).
2, 3, 5, 113
Let v = -6 + 18. Let n(c) = -c**3 + 13*c**2 - 11*c - 9. Let h be n(v). Suppose 0 = h*r + 3*r - 192. What are the prime factors of r?
2
Let w = -7200 - -10083. What are the prime factors of w?
3, 31
Let i(y) = y**3 + 16*y**2 - 17*y - 10. Let x be i(-16). Suppose -6*n + 1264 = x. Let d = n + 27. List the prime factors of d.
2, 97
Let h(a) = -33*a + 161. Let n be h(6). What are the prime factors of ((-7)/(-5))/(n/(-8695))?
7, 47
Suppose 2*q = -0 + 2. Let w be (q - 5/10)*2. List the prime factors of (-205)/(-4) - (w - 9/12).
3, 17
Let p(r) = -r**3 - r - 4. Let o be p(0). Let k be 1*(-12)/(-4) + 1 + o. Suppose k = 5*b + 83 - 658. What are the prime factors of b?
5, 23
Let g(b) = -219*b**2 - 3*b + 2. Let v(q) = q**3 - 6*q**2 - 17*q + 9. Let x be v(8). Let t be g(x). Let p = t - -385. What are the prime factors of p?
3, 5, 11
Suppose 140425 = 2*g - 67*t + 70*t, -5*g + 351004 = t. What are the prime factors of g?
70199
Suppose -1214*k = -1235*k + 150087. List the prime factors of k.
7, 1021
Let t = 12 - 10. Let j(y) = 2*y**2 - 5*y + 5. Let h be j(t). Let m(g) = 10*g + 11. List the prime factors of m(h).
41
Let o be (-21)/28 + 6/8. Let q be 393 + o/(-2 + -3). Suppose -1083 + q = -5*j. What are the prime factors of j?
2, 3, 23
Let w(g) = -20*g - 4. Let x be w(4). Let r = 5064 + -5065. List the prime factors of -3 + 4/1 + x/r.
5, 17
Suppose 10 = 2*r, 5*l - 13*r + 14*r - 15 = 0. What are the prime factors of -4 - (51/(-85))/(l/2110)?
17, 37
Suppose -11*d + 255 - 46 = 0. What are the prime factors of 798/10 - d/(-95)?
2, 5
What are the prime factors of -63*-934*14/196?
3, 467
Let m be (0 - (-728)/(-5))/(36/(-180)). Let p = m - 339. List the prime factors of p.
389
Let o(p) = 39*p**2 + 19*p + 102. What are the prime factors of o(-10)?
2, 953
Suppose 0 = 4*a - 4*m - 19960, -6*m + 8*m - 19930 = -4*a. List the prime factors of a.
5, 997
List the prime factors of (-13509)/(-4)*7168/768.
3, 7, 19, 79
Let x be 11 - -1 - (-2)/((-10)/5). Suppose x*p - 7638 - 3439 = 0. List the prime factors of p.
19, 53
Let h be 12/(-66) + 334/22. Suppose 5329 = h*g + 64. List the prime factors of g.
3, 13
Let r(y) = -2118*y - 228. Let s be r(-3). Let u = s - 4151. What are the prime factors of u?
5, 79
Suppose -a + 5*x = -1347 - 281, -2*a - 2*x + 3232 = 0. Let m = a + 329. List the prime factors of m.
3, 11, 59
Let t = -3 - -6. Suppose -725 = -b + t*r, -b + 0*r = 3*r - 701. Suppose -5*d - p + 886 = 0, -7*p + 2*p + b = 4*d. What are the prime factors of d?
3, 59
Let u(r) be the first derivative of -25*r**4/4 - r**3/3 + 11*r**2/2 + 5*r + 95. What are the prime factors of u(-3)?
2, 11, 29
Let q(z) = -10*z - 115. Let u be q(-12). Suppose 0 = -2*d + 5*m + 685, -u*m - 128 = -d + 207. List the prime factors of d.
2, 5, 7
Suppose 8*h - 164 + 20 = 0. Suppose h*r = 15*r. Suppose r*n + 9*n - 189 = 0. What are the prime factors of n?
3, 7
Suppose -344*x + 954106 = -291*x. What are the prime factors of x?
2, 9001
What are the prime factors of 31724 - (17 + -21 + 6)?
2, 3, 17, 311
Suppose l - 29 = -2*h + 7*h, -2*h - 134 = -4*l. Let o = l + 58. Suppose -u + o = u. List the prime factors of u.
2, 23
Suppose 257 = 7*h - 625. Suppose 0 = h*p - 114*p - 12252. What are the prime factors of p?
1021
Let g(a) = a**2 + 18*a + 15. Let l(d) = 2*d**3 + 10*d**2 + 3*d - 6. Suppose j + 8 = -o, -j + 10 = -5*o + 4*j. Let f be l(o). What are the prime factors of g(f)?
2, 3, 13
Let g(z) = z**3 + 136*z**2 - 292*z + 359. What are the prime factors of g(-137)?
2, 3, 59, 61
Let s be (6 + 60/(-8))*2. What are the prime factors of (-13068)/12*(7/s + 2)?
3, 11
Let u be ((-18)/(-12))/((-6)/(-8)). Suppose -4*s + 4*d = -24, 0 = -5*s + u*s - 3*d. What are the prime factors of ((-1)/(-2))/(s/1182)?
197
Let x be (9 + -7 - -1) + -5. List the prime factors of (-23 + -36)*(-87)/((-6)/x).
29, 59
Suppose 0 = -5*s + 2446 + 3809. Suppose 5*u + 5*z - 1870 = 2*u, -2*u + z + s = 0. List the prime factors of u.
5
Suppose -309*v + 65792 = -2056420. What are the prime factors of v?
2, 17, 101
Let k(s) = 4*s**2 + 196*s - 4816. List the prime factors of k(-142).
2, 17, 353
Let z = -112022 + 163155. List the prime factors of z.
51133
Let s(q) = q**3 + 6*q**2 + 38*q - 706. What are the prime factors of s(26)?
2, 10957
Let s(v) = -2*v**2 - 6*v - 34. Let k(t) = -5*t**2 - 9*t - 58. Let p(h) = -3